 + 4*r + 28 = 0. Let q(h) = -h. Let x be q(t). Is w(x) composite?
False
Let n = -34 + 43. Let j(c) = -2*c + 31. Is j(n) a composite number?
False
Suppose -m = 2*m - 7029. Suppose 5*i = 2*i + m. Is i a prime number?
False
Suppose 0 = 2*f + 4*j - 12 - 6, f = -4*j + 19. Let u(h) = -2*h**3 - h**2 - 2*h - 1. Let i be u(f). Suppose 8 = 4*c, -163 = -g - 5*c + i*c. Is g composite?
False
Let h = 1475 + -152. Suppose 4*o - 2053 = h. Is 1/(16/o)*4 composite?
False
Let c(u) = 3636*u - 109. Is c(8) composite?
False
Let l(m) = 10*m**2 - 27*m + 132. Is l(35) a prime number?
True
Let k(v) = -v**3 + 4*v**2 - 11*v + 3. Let y(j) = -j**3 + 3*j**2 - 11*j + 2. Let w(g) = -5*k(g) + 6*y(g). Is w(-10) a prime number?
True
Let z(j) = -j**2 + 5*j - 3. Let r be z(3). Let g be ((-1)/(-2))/(r/222). Suppose b - g = -y + 4*b, -5*y - 5*b + 145 = 0. Is y a prime number?
True
Suppose -5*y + 117 = f - 1010, 2*f + 3*y = 2240. Is f a prime number?
True
Suppose -25*c + 24*c + 3427 = 0. Is c composite?
True
Is 10*(8 - 9) + 137 a composite number?
False
Let n = 366 - -81. Is n composite?
True
Suppose -5*n + 3*t + 205 = -2*t, 0 = -4*n + 5*t + 167. Let q = 435 - n. Is q prime?
True
Suppose -35*b + 47*b - 190692 = 0. Is b prime?
False
Suppose 231144 = 31*m - 37409. Is m a composite number?
False
Let z = 11864 - 4035. Is z composite?
False
Let p(l) = -1041*l - 7. Let z be p(1). Let u = z + 1935. Is u a prime number?
True
Let b = 1411 + -638. Let q = 45 + b. Is q a composite number?
True
Suppose 17145 = 5*o - 195820. Is o a composite number?
True
Let d(f) = 3*f**2 + f. Let j be d(-1). Suppose 4 = 2*k - j. Suppose -k*s + 254 = -s. Is s composite?
False
Let u(k) = 36*k**3 + 26*k + 201*k**3 - 28*k. Is u(1) a prime number?
False
Let b(v) = v**3 + 2*v**2 + v - 1. Let h be b(-2). Is (0 - 293/3)*h a composite number?
False
Suppose -5*m - 5*u = -192920, 16*m + 3*u - 192914 = 11*m. Is m a prime number?
False
Let c be (5 - 7)*9/(-6). Suppose -5*p + 5690 = 5*r, 3*p + c*r = -2*p + 5696. Is p prime?
False
Suppose 3*q = -2*p + 8, -4*q + 3*q + 4*p = 16. Suppose 5*j + 0*j - 2*a = 2763, q = 4*j + 4*a - 2216. Is j a composite number?
True
Let v = -11098 + 19703. Is v a composite number?
True
Suppose -57*d - 7347 = -60*d. Is d a prime number?
False
Let l = 45 - 26. Let s = l - -662. Suppose 0*q - s = -3*q - 3*m, q - 211 = 3*m. Is q a composite number?
False
Let h be (2059/5 - 1)*5. Suppose -h = -5*f - 3*x - 332, -f + x + 338 = 0. Suppose 3*t - 5*t = 4*p - 278, -5*p + 3*t = -f. Is p composite?
True
Let b be -36*((-36)/(-8))/3. Let g(z) = -3*z**2 + 1. Let u be g(2). Let i = u - b. Is i a prime number?
True
Let i = 654 - 381. Let q be -129*(0 + 2/(-3)). Let d = i - q. Is d a composite number?
True
Let p = 16 + -15. Is (429 - -23) + -3*p composite?
False
Suppose -3 = -2*a + 1. Suppose 5*i + 2358 = 3*w, a*w - 7*w - i = -3958. Is w a prime number?
False
Let b(q) be the second derivative of 25*q**3/6 + 2*q**2 + q. Let o be 35/15 + (-2)/(-3). Is b(o) a composite number?
False
Let v(k) be the second derivative of k**5/20 + k**4/6 - k**3/6 + 173*k**2 - 6*k. Let s be v(0). Suppose -5*u + 1149 = -s. Is u prime?
False
Suppose -24082 = -2*t - 3*l, -3*t - l + 48184 = t. Is t a composite number?
True
Suppose -2*k + 22309 = -9277. Is k prime?
False
Let f be (-10)/4 - (-2)/(-4). Suppose 2*h - 48 + 12 = 0. Is (-3)/h*f*254 a composite number?
False
Let z be -1 - (-9)/(18/8). Suppose 25070 = 5*o + 5*x - 2470, -2*x = -z*o + 16529. Is o prime?
False
Suppose 2*w + 1 = 2*o - 1, 0 = -w + 2*o - 4. Suppose -4*q - 867 = -j, -q = -3*j + w*q + 2610. Is j composite?
True
Is (-19 + -26)/((-1)/438) - 1 composite?
False
Let v(g) = -g**2 + 5*g + 1. Let z be v(4). Let m(r) = -25*r + 17. Let c be m(-6). Suppose z*k - c + 2 = 0. Is k prime?
False
Suppose 0*b + 2*b + 19 = -5*i, -5*b + 4*i = 130. Let z be 50/3*(-627)/b. Suppose z = -2*r + 7*r. Is r a composite number?
True
Let b = -237 - -21. Let d = b - -961. Is d a composite number?
True
Let a = -90 + 2987. Is a a prime number?
True
Let z be 15/3 - (-1 - -3). Let q be 9/12 - 321/(-4). Suppose 3*k - q = -0*k - z*i, 0 = 2*i - 10. Is k a prime number?
False
Let f be ((-5)/1)/(2/(-92) + 0). Suppose -f + 34 = -4*j. Is j a prime number?
False
Is 9/(-15) - (-409474)/65 prime?
True
Is 42628/12*(-5)/20*-12 prime?
True
Let w(j) = -j**3 - 2*j**2 + 5*j + 3. Let b be w(-3). Let s be 93 + (b - -2)*-1. Let d = s - 7. Is d a prime number?
False
Suppose 3*b = 15, 2506 - 372 = 2*x + 4*b. Suppose 3*d = -4*z + 8*z + x, -2*d = z - 690. Is d composite?
False
Let v(b) = -149*b - 52. Is v(-3) composite?
True
Let r = 9 + -6. Suppose -2*y + r*z + 1360 = 0, z = y - 4*z - 673. Is y composite?
False
Suppose -2*o + 8 = 3*t - 23, 2*t - 4*o = 10. Suppose -t*x = -11*x + 352. Suppose -2*a = -x + 6. Is a prime?
False
Suppose -3*p + 2*a + 10476 = 2*p, -8370 = -4*p - 2*a. Let n = -1453 + p. Is n prime?
True
Let c = -10996 + 16817. Is c a prime number?
True
Let w(s) = s**2 + 8*s + 11. Let t be w(-5). Let z(d) = -218*d - 21. Is z(t) a prime number?
False
Let f = -42676 + 74793. Is f a prime number?
True
Suppose 3*v - 3446 = -5*c, 0*c + 4*c - 2*v = 2770. Is c composite?
False
Let u = 5942 + 18213. Is u a composite number?
True
Suppose -q - 585 = -3*z, -2*z - 4*q + 155 = -221. Let j = z + -115. Is j a prime number?
True
Suppose 4*i - 71167 = 36901. Is i prime?
True
Suppose 0 = -6*i + 4986 + 5688. Is i a prime number?
False
Suppose 0 = 4*f - 2*f - 4*m - 354, 0 = 4*f + 2*m - 678. Let q be -116 + -2*(1 + -2). Let p = q + f. Is p a prime number?
False
Suppose -2*s + 6*s = -52. Let o(p) = -4*p**2 - 13*p + 20. Let t(m) = -2*m**2 - 7*m + 10. Let k(d) = 2*o(d) - 5*t(d). Is k(s) composite?
False
Let y(l) = -l**2 + 8*l + 3. Let m be y(8). Suppose 0*o + m = 2*n - o, 3*n + 3*o = 18. Suppose -x - 25 = -n*p, -2*p = -0*p + 4*x - 26. Is p a composite number?
True
Suppose -14642 = -4*f - 3*h, -f + 2401 + 1254 = -2*h. Is f a prime number?
True
Let z(d) = -189*d**3 + 3*d**2 + 2*d + 1. Let x be z(-2). Suppose -3*b = -x - 1686. Is b a composite number?
False
Suppose -9*o = -0*o - 144. Suppose -o*c = -9*c - 1169. Is c composite?
False
Let j = -10786 + 19347. Is j a prime number?
False
Let p(f) = f - 18. Let k be p(20). Is -3 + (k - -1212) + 2 a composite number?
False
Suppose 5*o = -5*p, -2 = -3*o - 4*p - 4. Is (794/o - 0)*7/7 a composite number?
False
Let a(x) = 771*x**3 + 2*x**2 - 5*x + 1. Is a(2) a prime number?
False
Suppose -4*p + 1406 = -2*p. Is p composite?
True
Suppose 6*n = 9*n. Let p be 34 + 2 + n - 2. Is (0 - 3)/((-2)/p) composite?
True
Let j(m) = -10*m**3 + 3*m**2 + 2*m + 5. Let h be j(-3). Suppose 4*b + b - 2*v = 1429, -3*v + h = b. Is b a composite number?
True
Suppose c + 26011 + 16969 = 5*r, -34393 = -4*r - c. Is r prime?
True
Let d(w) = 2*w**2 - 15*w + 14. Let g be d(6). Is 6/g*3048/(-36) prime?
True
Suppose 2*o + 2*w = 8672, -5*o = -10*o - w + 21692. Let y = -1572 + o. Is y composite?
False
Let y be -2*1 - 184*1. Let s be -2*-2*2*395/40. Let w = s - y. Is w composite?
True
Suppose 0 = -12*n + 570285 - 151617. Is n composite?
True
Let d be (-153)/(-21) + 4/(-14) + -2. Suppose -2073 = -d*r + 2*r. Is r prime?
True
Suppose 869 = -166*c + 167*c. Is c a composite number?
True
Suppose -75781 + 258082 = 7*h. Is h prime?
False
Let k(v) = 6*v. Let o be k(2). Suppose -9*j = -o*j + 447. Is j composite?
False
Let f(i) = -1. Let c(b) = b**3 - 2*b**2 - 2*b + 1. Let h(x) = -c(x) + 5*f(x). Is h(-5) prime?
False
Suppose 14*w + 5*s - 35271 = 12*w, w = s + 17618. Is w a prime number?
True
Let g be (2 + -1 - -2) + 901. Suppose -g = -10*a + 6*a. Suppose -3*p = -8*c + 3*c - a, -p = c - 86. Is p composite?
True
Let c(s) = 4*s + 7*s**2 - s + 1 - 2*s. Let q = 12 - 10. Is c(q) prime?
True
Let y be 12/36 + (-28)/(-6). Suppose 3*c - 131 = y*p, c + c - 90 = 4*p. Is c composite?
False
Suppose -4*b = -4*t + 52, 4*b + 0 = -t - 2. Let v be 54/t - 8/20. Let p(q) = 85*q + 2. Is p(v) a composite number?
True
Let c = -16621 + 62268. Is c composite?
True
Suppose -4*g + 35 = -3*c, g + 4*c = -c + 3. Is ((-106)/g)/(((-20)/48)/5) prime?
False
Let t = -44 + 46. Suppose 0 = -3*n + 5*w + 419, -6*n + t*n = 4*w - 580. Is n prime?
False
Suppose 4*k - 2*s = 15922, 5*s = 11 + 14. Let n = k - 1650. Is n a composite number?
False
Let w(n) = -n**2 - 13*n + 12. Let c be w(-14). Let x be 1